ghest common factor of 8 and 188.
4
Calculate the highest common divisor of 30 and 1110.
30
Calculate the highest common divisor of 207 and 92.
23
What is the greatest common factor of 3154 and 996?
166
What is the highest common factor of 954 and 198?
18
What is the greatest common divisor of 91 and 143?
13
Calculate the highest common factor of 545 and 5.
5
Calculate the greatest common divisor of 12 and 992.
4
What is the highest common factor of 8 and 16904?
8
Calculate the highest common divisor of 19756 and 44.
44
Calculate the greatest common factor of 108 and 1404.
108
Calculate the greatest common divisor of 3945 and 15.
15
Calculate the greatest common divisor of 86 and 989.
43
What is the highest common divisor of 735 and 40?
5
What is the highest common factor of 671 and 33?
11
What is the greatest common divisor of 77 and 5093?
11
What is the greatest common factor of 1036 and 868?
28
Calculate the greatest common factor of 144 and 423.
9
Calculate the highest common divisor of 164 and 4.
4
Calculate the highest common factor of 50 and 10.
10
What is the greatest common divisor of 64 and 48?
16
What is the highest common divisor of 3570 and 1260?
210
Calculate the greatest common divisor of 7322 and 56.
14
What is the greatest common factor of 54 and 198?
18
Calculate the greatest common factor of 2748 and 24.
12
What is the greatest common factor of 208 and 299?
13
What is the greatest common factor of 3925 and 400?
25
What is the greatest common divisor of 4 and 196?
4
What is the greatest common factor of 410 and 21730?
410
What is the greatest common factor of 75 and 100?
25
What is the greatest common factor of 5238 and 97?
97
What is the highest common factor of 640 and 3968?
128
What is the highest common factor of 27 and 96?
3
What is the highest common divisor of 520 and 910?
130
Calculate the highest common divisor of 2 and 41.
1
Calculate the highest common factor of 374 and 308.
22
What is the greatest common factor of 5734 and 122?
122
What is the greatest common divisor of 45 and 27?
9
Calculate the greatest common divisor of 3854 and 82.
82
Calculate the greatest common divisor of 588 and 8064.
84
What is the highest common factor of 5304 and 780?
156
What is the highest common divisor of 93 and 62?
31
What is the greatest common factor of 684 and 2850?
114
What is the greatest common factor of 4 and 1472?
4
What is the greatest common factor of 299 and 13?
13
Calculate the greatest common divisor of 4067 and 147.
49
What is the greatest common divisor of 5567 and 38?
19
What is the greatest common factor of 2584 and 152?
152
Calculate the highest common factor of 20 and 152.
4
What is the highest common divisor of 6 and 165?
3
Calculate the highest common factor of 876 and 60.
12
Calculate the highest common divisor of 32 and 1808.
16
Calculate the greatest common factor of 123 and 1189.
41
Calculate the greatest common divisor of 141 and 12.
3
What is the highest common divisor of 3549 and 182?
91
What is the greatest common divisor of 760 and 120?
40
Calculate the highest common factor of 352 and 11552.
32
Calculate the highest common divisor of 20 and 610.
10
Calculate the greatest common divisor of 125 and 350.
25
What is the greatest common factor of 189 and 7?
7
Calculate the highest common factor of 23 and 23.
23
Calculate the highest common divisor of 87 and 145.
29
Calculate the greatest common divisor of 136 and 51.
17
Calculate the greatest common factor of 208 and 468.
52
What is the highest common factor of 96 and 8112?
48
Calculate the greatest common divisor of 3550 and 5254.
142
What is the highest common factor of 1235 and 7163?
247
Calculate the highest common factor of 32 and 36.
4
What is the highest common divisor of 6028 and 137?
137
What is the highest common factor of 901 and 34?
17
What is the highest common factor of 30 and 510?
30
What is the greatest common factor of 2240 and 35?
35
Calculate the highest common factor of 3333 and 33.
33
Calculate the greatest common divisor of 208 and 304.
16
What is the greatest common divisor of 1716 and 264?
132
What is the greatest common divisor of 492 and 43788?
492
What is the highest common factor of 21797 and 614?
307
Calculate the greatest common factor of 154 and 1218.
14
What is the highest common factor of 1162 and 574?
14
Calculate the highest common factor of 1134 and 168.
42
What is the highest common factor of 10 and 15?
5
What is the highest common factor of 1771 and 11?
11
Calculate the greatest common factor of 18 and 258.
6
What is the highest common factor of 49 and 6223?
49
What is the highest common divisor of 51 and 33303?
51
Calculate the greatest common factor of 176 and 32.
16
What is the greatest common factor of 119 and 51?
17
Calculate the highest common factor of 4850 and 50.
50
Calculate the highest common divisor of 4477 and 148.
37
What is the greatest common factor of 330 and 32175?
165
What is the greatest common factor of 24 and 324?
12
Calculate the greatest common divisor of 224 and 13468.
28
What is the highest common factor of 8 and 44?
4
What is the highest common divisor of 30 and 56730?
30
What is the greatest common factor of 710 and 10?
10
Calculate the greatest common divisor of 27 and 4284.
9
What is the greatest common factor of 3286 and 62?
62
Calculate the greatest common divisor of 136 and 153.
17
What is the greatest common factor of 240 and 8760?
120
Calculate the highest common divisor of 56 and 136.
8
Calculate the highest common divisor of 11066 and 22.
22
Calculate the greatest common divisor of 2817 and 9.
9
Calculate the highest common factor of 3 and 48.
3
What is the greatest common divisor of 288 and 64?
32
What is the greatest common factor of 172 and 43?
43
Calculate the highest common divisor of 663 and 1547.
221
Calculate the highest common factor of 42 and 14.
14
Calculate the highest common factor of 16180 and 20.
20
What is the greatest common factor of 234 and 312?
78
What is the highest common factor of 104 and 338?
26
Calculate the highest common divisor of 7 and 23.
1
Calculate the highest common factor of 456 and 48.
24
What is the highest common factor of 1 and 81?
1
Calculate the greatest common divisor of 11 and 1782.
11
What is the highest common factor of 37262 and 124?
62
What is the highest common factor of 306 and 108?
18
What is the highest common factor of 145 and 7076?
29
Calculate the greatest common factor of 2 and 120.
2
What is the highest common divisor of 54 and 46602?
54
Calculate the greatest common factor of 30 and 1010.
10
What is the highest common factor of 192 and 448?
64
What is the highest common divisor of 234 and 351?
117
What is the greatest common divisor of 1974 and 42?
42
Calculate the greatest common divisor of 423 and 9.
9
What is the greatest common factor of 478 and 10?
2
Calculate the greatest common divisor of 21 and 861.
21
Calculate the greatest common factor of 1 and 216.
1
What is the greatest common factor of 518 and 112?
14
Calculate the greatest common factor of 22 and 23419.
11
What is the highest common factor of 120 and 920?
40
Calculate the greatest common factor of 3276 and 572.
52
What is the highest common divisor of 290 and 110?
10
What is the highest common factor of 28 and 196?
28
Calculate the greatest common divisor of 2655 and 225.
45
Calculate the highest common factor of 2015 and 217.
31
What is the highest common factor of 75 and 180?
15
What is the highest common factor of 37 and 333?
37
Calculate the highest common factor of 3792 and 48.
48
Calculate the greatest common factor of 54 and 126.
18
Calculate the highest common factor of 36 and 3720.
12
What is the greatest common divisor of 10 and 7355?
5
What is the greatest common divisor of 308 and 8?
4
What is the greatest common divisor of 72 and 1206?
18
Calculate the highest common divisor of 60 and 380.
20
Calculate the greatest common divisor of 162 and 12798.
162
What is the greatest common factor of 40 and 5030?
10
What is the highest common factor of 23 and 230?
23
Calculate the highest common divisor of 55 and 198.
11
Calculate the greatest common divisor of 45 and 360.
45
What is the greatest common factor of 517 and 799?
47
Calculate the highest common